0 = 2*y + 4*b. Let v(j) = 0 - 4 + j + j**2 + y. What is v(-4)?
9
Suppose -1 = 4*t - 17. Let v be 0/(-1) + t/2. Let l(p) = v*p + 1 - 8*p + 5*p. Calculate l(2).
-1
Let d be 2/9 - (-1963)/117. Let r(b) = -d*b**2 + 18*b**2 + 2*b - 7*b + 2. What is r(4)?
-2
Let v(z) be the first derivative of -z**3/3 + 11*z**2/2 - 9*z - 71. Give v(10).
1
Let p = 30 - 26. Let j(f) = -f**3 + 6*f**2 - 7*f + 5. What is j(p)?
9
Let z(n) be the second derivative of -n**5/20 - 5*n**2 - 13*n. Let g be 0/(1/(-1) - -2). Determine z(g).
-10
Let f(d) = d + 1. Let y(k) = k. Let r = 9 + -7. Let g(c) = r*y(c) - 3*f(c). Calculate g(-5).
2
Suppose 2*u = -2*u + 16. Suppose j + 10 = 6*j. Let t(a) = a - j*a + 3 + 0. Give t(u).
-1
Let s(n) = -3*n. Let h be s(-1). Let f(g) = g**3 + 0*g**h - g + g + 4 + 3*g**2 - 2*g. What is f(-3)?
10
Let j(q) = q**3 + 7*q**2 + 2*q + 3. Let t be j(-7). Let z = t - -15. Let f(h) = -1 + 2*h - 13*h**2 + 8*h**2 + z*h**2 - 6*h**3. Give f(1).
-6
Let d(n) = -n**3 - 2*n**2 - 2*n - 2. Let p be d(-2). Let i(k) = 2*k - 4*k - k**p - 3 - 2*k. Let c = -1 + -1. Determine i(c).
1
Let m(l) = l**2 + 6*l + 3. Let w be (2 + 0)*(1 - 3). What is m(w)?
-5
Let u(l) be the second derivative of l**5/10 + l**4/12 + l**3/6 - l + 10. Suppose -2 - 2 = 4*p. Calculate u(p).
-2
Let d(u) = -3*u**3 - 17*u**2 + 3*u + 9. Let y(j) = -2*j**3 - 9*j**2 + j + 5. Let k(h) = 3*d(h) - 5*y(h). Calculate k(5).
-3
Let g(t) = -t + 1. Let u(z) = -4*z + 4. Let n(x) = -5*g(x) + u(x). What is n(6)?
5
Let d(q) = 9 - 8 - 10*q + 9*q. Determine d(-5).
6
Let f(j) be the first derivative of -j**4/12 + 5*j**3/6 + j**2/2 + 5*j - 3. Let i(s) be the first derivative of f(s). Calculate i(6).
-5
Let j(s) = -11*s**3 + 3*s**2 - 2*s + 3. Let c(o) = -o**2 - 1. Let y(n) = 4*c(n) + j(n). Calculate y(-1).
11
Let y = -81 - -88. Let c(w) = -w**2 + 7*w + 7. Calculate c(y).
7
Let x be 2*1/(-2)*-5. Suppose 0 = x*b + 2 - 7. Let k be (-3)/3*b + -3. Let d(v) = v**3 + 4*v**2 - 3*v - 6. What is d(k)?
6
Let z(v) = -2*v**3 - 5*v**2 - 6*v - 2. Let s(g) = -2*g**3 - 4*g**2 - 5*g - 2. Let w(a) = 7*s(a) - 6*z(a). Determine w(2).
-8
Let u(q) = -q + 6 + 3*q**3 - 7 - q - q**2 - 2*q**3. Give u(-2).
-9
Let u(w) = 6*w - 3. Suppose -2 = -2*y - 2*l, 0 = -2*y - l - 1 + 4. What is u(y)?
9
Let n(u) = -u**3 + u**2 - u - 11. Let d = 27 - 27. Give n(d).
-11
Let g(r) = 1 + 1 - 1. Let u(i) = 3*i + 1. Let a(l) = -4*g(l) + u(l). Give a(3).
6
Let g(p) be the first derivative of p**3/3 + 4*p - 3. Give g(0).
4
Let x(c) = c**3 - c**2 - 2*c - 1. Let d(p) = 7*p**3 - 7*p - 1. Let j(t) = d(t) - 6*x(t). Calculate j(-6).
-25
Let t(q) = q + 3*q + 2*q**2 + 0 + 2. Let o(n) = -n + 11. Let k be o(6). Suppose -k*s - 14 + 4 = 0. What is t(s)?
2
Let f = 7 + 4. Let l = f - 8. Let w be ((-1)/l)/((-1)/9). Let i(t) = -2*t + 4. Calculate i(w).
-2
Let q(r) = 2*r**3 - 13*r**2 - 5*r - 9. Let t be q(7). Let m(z) = -z**2 + 6*z - 7. What is m(t)?
-2
Let i be (2/2)/((-2)/(-10)). Let y(j) = j**2 - 10*j + 2. Let l be y(10). Let p(h) = -3 - 2*h**l + h**2 - i*h + 3*h. What is p(-2)?
-3
Let i(h) = h**3 - 7*h**2 - h + 3. Suppose 77 = 2*g + 9*g. Calculate i(g).
-4
Let y be (-1)/(-2) + 2/4. Let x(o) = -12*o + 1. What is x(y)?
-11
Suppose -60 = -5*s + s. Suppose -3*h = 2*h + q + s, -12 = 4*h + q. Let u(r) = -r**2 + 4. What is u(h)?
-5
Let x = 8 + -5. Let k(v) = 3 - v**2 + 3*v + 0*v**2 + x*v**2. Calculate k(-2).
5
Let j(i) = -93*i - 2 + 51*i + 46*i. Determine j(2).
6
Let h(z) = z**2 - 11*z + 28. Let q be h(7). Let t(x) = -x**2 - x + 3. Determine t(q).
3
Let w(z) = -2*z**3 - z**2 - z - 1. Let u(h) = -h**2 + 7*h + 6. Let j be u(7). Let n be (-4)/j - (-30)/18. Let q be (1*-2 + 1)/n. Calculate w(q).
1
Let d(l) = -3*l - 6. Let n be 0 + (-2)/(2/11). Let i = n - -20. Suppose 4*c + 5*b = i, -3*b + 45 = -5*c + 10. Calculate d(c).
6
Let n(z) = -4*z**2 + 1. Let h be n(1). Let j(k) = 0 - 1 - 7*k - 40*k**2 + 39*k**2. Determine j(h).
11
Let u = -1 + 21. Suppose 4*n - u = -0. Let b(f) be the first derivative of f**2/2 + 2*f - 2. Give b(n).
7
Let k(v) be the first derivative of v**5/20 - v**3/6 + v**2/2 - 1. Let t(p) be the second derivative of k(p). Let o be 5*(-5)/20 + (-1)/(-4). Give t(o).
2
Let y(z) = z**2 - 4*z - 2. Let t(k) be the third derivative of k**5/60 - k**4/24 - 5*k**2. Let o(f) = -4*t(f) + 2*y(f). Calculate o(-3).
-10
Let z be ((-2)/(-2))/(2/(-10)). Let q(h) be the first derivative of h**2/2 + 6*h - 12. What is q(z)?
1
Let c = -8 - 1. Let j(o) = -o**3 - 9*o**2. Calculate j(c).
0
Let a(p) = 5*p**2 + 4 - p - 4*p**3 + 6*p**3 - 3*p**3. Let c be ((-27)/162)/((-1)/30). Determine a(c).
-1
Let r(w) be the first derivative of w**2/2 - w + 3. What is r(3)?
2
Let p(m) = -m + 6. Let v(u) be the second derivative of -u**5/20 - 5*u**4/6 - u**3/6 - 5*u**2/2 - 2*u. Let l be v(-10). What is p(l)?
1
Suppose 2*b = -3*b + 20. Suppose 3*z - 15 = 0, -2*u - 3*z + b = -13. Let m(t) = -6 + u + t + 7 + 8. What is m(-5)?
5
Let w(b) = -b + 2. Let q(m) = m**3 - 10*m**2 - 11*m + 5. Let c be q(11). Determine w(c).
-3
Let o(y) be the first derivative of -y**4/4 + 5*y**3/3 + y - 2. Let l be o(5). Let u(r) = -2*r - r**2 + r - l - 3*r**3 + 0*r**3. What is u(-1)?
2
Suppose 0 = -a + 2, -6*a + 55 = -5*k - a. Let w be 4/(-18) - 2/k. Let i(n) be the first derivative of -n**4/4 - n**3/3 - n**2/2 - 4*n + 2. Give i(w).
-4
Suppose 5*y + 3*k + 2 = 0, -y + 3*k = 2*y - 18. Suppose 0 = 4*m + 2 - 10. Let w(z) = -m*z + 2*z**3 - z**3 - 3*z**2 - 1 + 4*z. Calculate w(y).
-1
Let r = 6 + -3. Suppose 2*o + 4 = 0, x - 4*o - 8 - 3 = 0. Let b(i) = x - 3 + i**2 - 5*i + 3. Determine b(r).
-3
Suppose 4*m - 2 = 14, -8 = 4*o - 4*m. Let d(c) = -6*c + 2. Determine d(o).
-10
Let a(u) = 5*u**3 - 1. Suppose 4*x + 3*n - 14 = n, 0 = 3*x - 4*n + 17. Give a(x).
4
Suppose -n + 5*w - 12 = 0, 3*n + 4*w - 7 = 14. Let t(m) be the second derivative of m**3/6 + 3*m. Let a be t(n). Let v(i) = -i**2 + 3*i - 4. Give v(a).
-4
Let b be (-2)/(-3) - (-28)/(-6). Let x = b + 8. Let s(u) = -u**2 + 6*u - 2. Give s(x).
6
Let t = -12 - -9. Let z(q) = -q**3 - 4*q**2 - 4*q + 1. Let u be z(t). Let x(g) = 8 - 2 + 0*g - 2*g. Determine x(u).
-2
Let w be ((-38)/4)/(2/4). Let x = w + 15. Let f(j) = j**3 + 5*j**2 + 5*j. Determine f(x).
-4
Suppose 5*v - 20 = v. Let j(a) = -a**2 + a + 2. Give j(v).
-18
Let c(y) = -y**3 - 6*y**2 - 5*y + 4. Let m be c(-5). Let i = -5 + m. Let a(g) = -3*g**3 - 1. Give a(i).
2
Let j be 1/(2 + 10/(-6)). Let a(r) = -r**2 - 7*r + r + j*r. Give a(-4).
-4
Let c(j) be the first derivative of j**4/4 - j**2/2 + 3*j + 1. Let w(a) = a**2 - 1. Let u be w(0). Let l = 1 + u. Determine c(l).
3
Let y = 2 - -1. Suppose -p = y*p - 20. Let c(u) = u - u**2 - 2 + 4*u + 1. Give c(p).
-1
Let x(w) = -1. Let l(z) = z. Let o(n) = -3*l(n) + 3*x(n). Let s(r) = -r**2 - 3*r + 2. Let v be s(-4). Give o(v).
3
Let j(s) = 2*s - 3. Let o(k) = -k + 8. Let x be o(4). Let h = x - 2. What is j(h)?
1
Let b be 0/1 - (4 + -2). Let h(u) = 2*u - 1. Let n be h(b). Let l(p) = -8 - 1 + 4*p - 5*p + 2. Calculate l(n).
-2
Let d(o) = o**3 + 7*o**2 + 7*o + 2. Suppose -6*x - 38 + 2 = 0. Calculate d(x).
-4
Let d(o) = -o + 4. Let f = -13 - -17. Give d(f).
0
Suppose 1 = -y + 4*p - 6*p, 4*y + 2*p = 8. Let f(s) be the third derivative of 3*s**2 + 0*s**4 + 0*s - 1/60*s**5 + 0*s**y + 0. What is f(-2)?
-4
Let b(i) be the second derivative of i**3/2 - 3*i**2/2 + 2*i. Determine b(3).
6
Suppose -3*z = -9 - 6. Let f(n) be the third derivative of -n**6/120 + n**5/12 - n**3 - 4*n**2. What is f(z)?
-6
Let z(g) = 2*g**2 - g + 2. Suppose 0*k + 4 = -2*k. What is z(k)?
12
Let l be (-9)/(-6)*(-4)/6. Let n be 2 - (5 + 0 + l). Let a be 0/(2/n*-1). Let y(g) = g**2 + 3. Determine y(a).
3
Let g be 1 + 0 - (1 - 3). Let m(n) = 0*n - 3 + n**2 - 7*n + g*n. Give m(4).
-3
Let a(v) = 2*v**2 + v. Suppose 3*f = -0*k - k + 14, -2*f + 16 = 4*k. Let u(o) = -o**3 + 4*o**2 + o - 4. Let x be u(4). Suppose k*t + 0 - 2 = x. Determine a(t).
3
Let c(q) = -q + 4. Suppose -4*i + 1 + 7 = 0. What is c(i)?
2
Let s(y) = y**2 + 698*y - 707*y - 9 - 2*y**2. Give s(-8).
-1
Suppose -2*j + 3*j = 33. Let q(g) = j + 5*g**2 - 18 - 16. Give q(-1).
4
Let x(u) = 3*u**2 + u. Let i be x(1). Let j be i/(-6) - (-42)/9. Suppose j*v + v - 15 = 2*m, -m - 3 = 2*v. Let b(c) = 3*c**3 + c**2 + c - 1. Determine b(v).
4
Let k(s) be the second derivative of s**6/360 - 7*s**5/120 - 3*s**4/8 + 